{"id":825,"date":"2018-10-02T21:17:03","date_gmt":"2018-10-02T19:17:03","guid":{"rendered":"https:\/\/localhost\/Valdemarin1\/?page_id=825"},"modified":"2023-10-01T12:42:30","modified_gmt":"2023-10-01T10:42:30","slug":"sicherheitskoordinierung","status":"publish","type":"page","link":"http:\/\/www.valdemarin.it\/?page_id=825&lang=de","title":{"rendered":"Sicherheitskoordinierung"},"content":{"rendered":"\n\n\t<h4>Umfahrungsstra\u00dfe Meran<\/h4>\n<p><img loading=\"lazy\" src=\"http:\/\/www.valdemarin.it\/Luca\/wp-content\/uploads\/2023\/10\/Merano-1.png\" alt=\"\" width=\"300\" height=\"200\" \/><\/p>\n<p>2\u00b0Baulos: 120.000.000 \u20ac (20%) Bauleitung und Sicherheitskoordination<\/p>\n\t<h4>Neue Zufahrt ins Gadertal<\/h4>\n<p><img loading=\"lazy\" src=\"http:\/\/www.valdemarin.it\/Luca\/wp-content\/uploads\/2023\/10\/Badia-1.jpg\" alt=\"\" width=\"300\" height=\"200\" \/><\/p>\n<p>71.000.000 \u20ac (19,6%) Bauleitung und Sicherheitskoordination<\/p>\n\t<h4>Brenner Basistunnel BBT-SE<\/h4>\n<p><img loading=\"lazy\" src=\"http:\/\/www.valdemarin.it\/Luca\/wp-content\/uploads\/2020\/03\/Sublotto-1-300x200.jpg\" alt=\"\" width=\"300\" height=\"200\" \/><\/p>\n<p>Sicherheitskoordination in der Ausf\u00fchrungsphase 4.161.161,46 \u20ac<\/p>\n\t<h4>Neubau einer Eisenbahnunterf\u00fchrung auf der Vinschgerbahnlinie in Algund<\/h4>\n<p><img loading=\"lazy\" src=\"http:\/\/www.valdemarin.it\/Luca\/wp-content\/uploads\/2020\/03\/Lagundo1-1-300x200.jpg\" alt=\"\" width=\"300\" height=\"200\" \/><\/p>\n<p>Sicherheitskoordination in der <br \/>Projektierungs und Ausf\u00fchrungsph <br \/>Projektierung und Bauleitung: STA &#8211; 1.552.990,94 \u20ac<\/p>\n\t<h4>Sanierung des Stra\u00dfenk\u00f6rpers der Brunecker S\u00fcdumfahrungsstra\u00dfe<\/h4>\n<p><img loading=\"lazy\" src=\"http:\/\/www.valdemarin.it\/Luca\/wp-content\/uploads\/2020\/03\/Brunico-1-300x200.jpg\" alt=\"\" width=\"300\" height=\"200\" \/><\/p>\nBauleitung: Autonome Provinz Bozen<br \/>\nSicherheitskoordination in der Ausf\u00fchrungsphase 3.356.373,33 \u20ac\n\t<h4>Tiefgarage am Siegesplatz un Oberfl\u00e4chengestaltung des Platzes<\/h4>\n<p><img loading=\"lazy\" src=\"http:\/\/www.valdemarin.it\/Luca\/wp-content\/uploads\/2020\/03\/Vittoria-1-300x200.jpg\" alt=\"\" width=\"300\" height=\"200\" \/><\/p>\nProjektierung: Gemeinde Bozen (80,70) Sicherheitskoordination in der Projektierungsphase<br \/>\n13.233.250,59 \u20ac\n\t<h4>Umbau und energetische Sanierung Wohnhaus \u201eKircher&#8221; in Brixen<\/h4>\n<p><img loading=\"lazy\" src=\"http:\/\/www.valdemarin.it\/Luca\/wp-content\/uploads\/2019\/01\/15-3-300x200.jpg\" alt=\"\" width=\"300\" height=\"200\" \/><\/p>\n<p>Herbert Kircher<\/p>\n\t<h4>Sanierung und Ausbau der Auenhausbr\u00fccke in Brixen<\/h4>\n<p><img loading=\"lazy\" src=\"http:\/\/www.valdemarin.it\/Luca\/wp-content\/uploads\/2019\/01\/17-3-300x200.jpg\" alt=\"\" width=\"300\" height=\"200\" \/><\/p>\nGemeinde Brixen<br \/>\n371.629,24 \u20ac\n\t<h4>Autobahn\u00fcberf\u00fchrung und Br\u00fccke \u00fcber die Etsch in der Gemeinde Neumarkt<\/h4>\n<p><img loading=\"lazy\" src=\"http:\/\/www.valdemarin.it\/Luca\/wp-content\/uploads\/2019\/01\/16-3-300x200.jpg\" alt=\"\" width=\"300\" height=\"200\" \/><\/p>\n<p>Brennerautobahn AG &#8211; 9.718.880,43 \u20ac<\/p>\n\t<h4>Ausfahrt Bruneck Mitte<\/h4>\n<p><img loading=\"lazy\" src=\"http:\/\/www.valdemarin.it\/Luca\/wp-content\/uploads\/2019\/01\/5-5-300x200.jpg\" alt=\"\" width=\"300\" height=\"200\" \/><\/p>\nProjektierung<br \/>\nAutonome Provinz Bozen &#8211; 4.193.760,36 \u20ac\n\t<h4>Sanierung der Reschenbr\u00fccke in Bozen<\/h4>\n<p><img loading=\"lazy\" src=\"http:\/\/www.valdemarin.it\/Luca\/wp-content\/uploads\/2019\/01\/9-2-300x200.jpg\" alt=\"\" width=\"300\" height=\"200\" \/><\/p>\n<p>Gemeinde Bozen &#8211; 1.877.970,48 \u20ac<\/p>\n\t<h4>Mittelausfahrt der Stadt Brixen<\/h4>\n<p><img loading=\"lazy\" src=\"http:\/\/www.valdemarin.it\/Luca\/wp-content\/uploads\/2019\/01\/3-5-300x200.jpg\" alt=\"\" width=\"300\" height=\"200\" \/><\/p>\nTunnel: 370 m<br \/>\nAutonome Provinz Bozen &#8211; 10.340.000,00 \u20ac\n\t<h4>LS 60 Wengen, Errichtung eines Gehsteigs und einer Fahrbahnverbreiterung<\/h4>\n<p><img loading=\"lazy\" src=\"http:\/\/www.valdemarin.it\/Luca\/wp-content\/uploads\/2019\/01\/12-300x200.jpg\" alt=\"\" width=\"300\" height=\"200\" \/><\/p>\nAutonome Provinz Bozen<br \/>\n1.506.183,61 \u20ac\n\t<h4>Fahrradweg von der Br\u00fccke von Albeins bis zum bestehenden Fahrradweg beim Villn\u00f6sser Staudamm<\/h4>\n<p><img loading=\"lazy\" src=\"http:\/\/www.valdemarin.it\/Luca\/wp-content\/uploads\/2019\/01\/8-2-300x200.jpg\" alt=\"\" width=\"300\" height=\"200\" \/><\/p>\nBezirksgemeinschaft Eisacktal<br \/>\n2.220.457,44 \u20ac\n\t<h4>Entfernung des Bahn\u00fcberganges bei Lauf.km 188+784 der Bahnlinie Verona &#8211; Brenner auf der L.S. Nr. 74 nach Feldthurns<\/h4>\n<p><img loading=\"lazy\" src=\"http:\/\/www.valdemarin.it\/Luca\/wp-content\/uploads\/2019\/01\/2-5-300x200.jpg\" alt=\"\" width=\"300\" height=\"200\" \/><\/p>\n<p>Autonome Provinz Bozen &#8211; 4.958.938,82\u20ac<\/p>\n\t<h4>Ausbau und Verbreiterung der LS 132 Steinegg &#8211; Gummer von Lauf km 14.150 &#8211; 15.150 in der Gemeinde Karneid<\/h4>\n<p><img loading=\"lazy\" src=\"http:\/\/www.valdemarin.it\/Luca\/wp-content\/uploads\/2019\/01\/13-3-300x200.jpg\" alt=\"\" width=\"300\" height=\"200\" \/><\/p>\nAutonome Provinz Bozen<br \/>\n2.005.000,00 \u20ac\n\t<h4>Sanierung der Br\u00fccke auf der Brennerstaatsstra\u00dfe 12 bei Lauf.km 516.410 in der Ortschaft Pontiggl<\/h4>\n<p><img loading=\"lazy\" src=\"http:\/\/www.valdemarin.it\/Luca\/wp-content\/uploads\/2019\/01\/10-2-300x200.jpg\" alt=\"\" width=\"300\" height=\"200\" \/><\/p>\n<p>Autonome Provinz Bozen &#8211; 1.502.929,74 \u20ac<\/p>\n\t<h4>Erweiterung, Umbau und energetische Sanierung Wohnhaus \u201eSch\u00f6lzhorn&#8221; in Ridnaun<\/h4>\n<p><img loading=\"lazy\" src=\"http:\/\/www.valdemarin.it\/Luca\/wp-content\/uploads\/2019\/01\/14-2-300x200.jpg\" alt=\"\" width=\"300\" height=\"200\" \/><\/p>\n<p>Dieter und Hermann Sch\u00f6lzhorn, Helga Wurzer<\/p>\n\t<h4>Ausbau der L.S. 136 Afing, 0,650 &#8211; 1,100<\/h4>\n<p><img loading=\"lazy\" src=\"http:\/\/www.valdemarin.it\/Luca\/wp-content\/uploads\/2022\/09\/Senza-titolo-8-1.jpg\" alt=\"\" width=\"300\" height=\"200\" \/><\/p>\n<p>1.450.000 \u20ac (100%) Projektierung, Bauleitung und Sicherheitskoordination<\/p>\n\t<h4>Umfahrung der Stadt Brixen 1. Baulos<\/h4>\n<p><img loading=\"lazy\" src=\"http:\/\/www.valdemarin.it\/Luca\/wp-content\/uploads\/2019\/01\/1-6-300x200.jpg\" alt=\"\" width=\"300\" height=\"200\" \/><\/p>\n<p>Autonome Provinz Bozen &#8211; 58.519.168,54 \u20ac<\/p>\n\t<h4>Sanierung der Adlerbr\u00fccke in Brixen<\/h4>\n<p><img loading=\"lazy\" src=\"http:\/\/www.valdemarin.it\/Luca\/wp-content\/uploads\/2019\/01\/11-2-300x200.jpg\" alt=\"\" width=\"300\" height=\"200\" \/><\/p>\nGemeinde Brixen<br \/>\n355.949,96 \u20ac\n\t<h4>Fu\u00dfg\u00e4nger- und Fahrradunterf\u00fchrung der SS 12 zwischen der Weisslahnstra\u00dfe und Am Schalderer Bachl in Brixen<\/h4>\n<p><img loading=\"lazy\" src=\"http:\/\/www.valdemarin.it\/Luca\/wp-content\/uploads\/2019\/01\/6-5-300x200.jpg\" alt=\"\" width=\"300\" height=\"200\" \/><\/p>\nAutonome Provinz Bozen<br \/>\n1.087.651,27 \u20ac\n\t<h4>Sicherung der SS 42 des Tonale und Mendelpasses zwischen Lauf.km 223.350 und Lauf.km 224.250 in der Gemeinde Kaltern<\/h4>\n<p><img loading=\"lazy\" src=\"http:\/\/www.valdemarin.it\/Luca\/wp-content\/uploads\/2019\/01\/4-5-300x200.jpg\" alt=\"\" width=\"300\" height=\"200\" \/><\/p>\n<p>Autonome Provinz Bozen &#8211; 10.585.673,73 \u20ac<\/p>\n\t<h4>Ausbau und Begradiung der LS 143 Feldthurns Schnauders von Lauf-km 0,00-0,337, Lauf-km 0,490-0,550, Lauf-km 0,712-1,038, 1. Baulos<\/h4>\n<p><img loading=\"lazy\" src=\"http:\/\/www.valdemarin.it\/Luca\/wp-content\/uploads\/2019\/01\/7-3-300x200.jpg\" alt=\"\" width=\"300\" height=\"200\" \/><\/p>\nAutonome Provinz Bozen<br \/>\n1.170.736,04 \u20ac\n\t<h4>Aussichtsplattform \u00fcber den Wasserf\u00e4llen des Ratschingserbachs<\/h4>\n<p><img loading=\"lazy\" src=\"http:\/\/www.valdemarin.it\/Luca\/wp-content\/uploads\/2022\/09\/Senza-titolo-16-1.jpg\" alt=\"\" width=\"300\" height=\"200\" \/><\/p>\n<p>Statische Projektierung, Bauleitung und Sicherheitskoordination<\/p>\n\t<h4>Fuss- und Fahrradunterf\u00fchrung in Brixen<\/h4>\n<p><img loading=\"lazy\" src=\"http:\/\/www.valdemarin.it\/Luca\/wp-content\/uploads\/2022\/09\/Senza-titolo-14-1.jpg\" alt=\"\" width=\"300\" height=\"200\" \/><\/p>\n<p>1.260.000 \u20ac (100%) Projektierung, Bauleitung und Sicherheitskoordination<\/p>\n\n","protected":false},"excerpt":{"rendered":"<p>Umfahrungsstra\u00dfe Meran 2\u00b0Baulos: 120.000.000 \u20ac (20%) Bauleitung und Sicherheitskoordination Neue Zufahrt ins Gadertal 71.000.000 \u20ac (19,6%) Bauleitung und Sicherheitskoordination Brenner Basistunnel BBT-SE Sicherheitskoordination in der Ausf\u00fchrungsphase 4.161.161,46 \u20ac Neubau einer Eisenbahnunterf\u00fchrung auf der Vinschgerbahnlinie in Algund Sicherheitskoordination in der Projektierungs und Ausf\u00fchrungsph Projektierung und Bauleitung: STA &#8211; 1.552.990,94 \u20ac Sanierung des Stra\u00dfenk\u00f6rpers der Brunecker S\u00fcdumfahrungsstra\u00dfe&hellip; <br \/> <a class=\"read-more\" href=\"http:\/\/www.valdemarin.it\/?page_id=825&#038;lang=de\">Leggi tutto<\/a><\/p>\n","protected":false},"author":1,"featured_media":0,"parent":0,"menu_order":0,"comment_status":"closed","ping_status":"closed","template":"","meta":[],"_links":{"self":[{"href":"http:\/\/www.valdemarin.it\/index.php?rest_route=\/wp\/v2\/pages\/825"}],"collection":[{"href":"http:\/\/www.valdemarin.it\/index.php?rest_route=\/wp\/v2\/pages"}],"about":[{"href":"http:\/\/www.valdemarin.it\/index.php?rest_route=\/wp\/v2\/types\/page"}],"author":[{"embeddable":true,"href":"http:\/\/www.valdemarin.it\/index.php?rest_route=\/wp\/v2\/users\/1"}],"replies":[{"embeddable":true,"href":"http:\/\/www.valdemarin.it\/index.php?rest_route=%2Fwp%2Fv2%2Fcomments&post=825"}],"version-history":[{"count":24,"href":"http:\/\/www.valdemarin.it\/index.php?rest_route=\/wp\/v2\/pages\/825\/revisions"}],"predecessor-version":[{"id":1999,"href":"http:\/\/www.valdemarin.it\/index.php?rest_route=\/wp\/v2\/pages\/825\/revisions\/1999"}],"wp:attachment":[{"href":"http:\/\/www.valdemarin.it\/index.php?rest_route=%2Fwp%2Fv2%2Fmedia&parent=825"}],"curies":[{"name":"wp","href":"https:\/\/api.w.org\/{rel}","templated":true}]}}

<h4>Umfahrungsstraße Meran</h4>
<p><img loading="lazy" src="http://www.valdemarin.it/Luca/wp-content/uploads/2023/10/Merano-1.png" alt="" width="300" height="200" /></p>
<p>2°Baulos: 120.000.000 € (20%) Bauleitung und Sicherheitskoordination</p>
	<h4>Neue Zufahrt ins Gadertal</h4>
<p><img loading="lazy" src="http://www.valdemarin.it/Luca/wp-content/uploads/2023/10/Badia-1.jpg" alt="" width="300" height="200" /></p>
<p>71.000.000 € (19,6%) Bauleitung und Sicherheitskoordination</p>
	<h4>Brenner Basistunnel BBT-SE</h4>
<p><img loading="lazy" src="http://www.valdemarin.it/Luca/wp-content/uploads/2020/03/Sublotto-1-300x200.jpg" alt="" width="300" height="200" /></p>
<p>Sicherheitskoordination in der Ausführungsphase 4.161.161,46 €</p>
	<h4>Neubau einer Eisenbahnunterführung auf der Vinschgerbahnlinie in Algund</h4>
<p><img loading="lazy" src="http://www.valdemarin.it/Luca/wp-content/uploads/2020/03/Lagundo1-1-300x200.jpg" alt="" width="300" height="200" /></p>
<p>Sicherheitskoordination in der <br />Projektierungs und Ausführungsph <br />Projektierung und Bauleitung: STA &#8211; 1.552.990,94 €</p>
	<h4>Sanierung des Straßenkörpers der Brunecker Südumfahrungsstraße</h4>
<p><img loading="lazy" src="http://www.valdemarin.it/Luca/wp-content/uploads/2020/03/Brunico-1-300x200.jpg" alt="" width="300" height="200" /></p>
Bauleitung: Autonome Provinz Bozen<br />
Sicherheitskoordination in der Ausführungsphase 3.356.373,33 €
	<h4>Tiefgarage am Siegesplatz un Oberflächengestaltung des Platzes</h4>
<p><img loading="lazy" src="http://www.valdemarin.it/Luca/wp-content/uploads/2020/03/Vittoria-1-300x200.jpg" alt="" width="300" height="200" /></p>
Projektierung: Gemeinde Bozen (80,70) Sicherheitskoordination in der Projektierungsphase<br />
13.233.250,59 €
	<h4>Umbau und energetische Sanierung Wohnhaus „Kircher&#8221; in Brixen</h4>
<p><img loading="lazy" src="http://www.valdemarin.it/Luca/wp-content/uploads/2019/01/15-3-300x200.jpg" alt="" width="300" height="200" /></p>
<p>Herbert Kircher</p>
	<h4>Sanierung und Ausbau der Auenhausbrücke in Brixen</h4>
<p><img loading="lazy" src="http://www.valdemarin.it/Luca/wp-content/uploads/2019/01/17-3-300x200.jpg" alt="" width="300" height="200" /></p>
Gemeinde Brixen<br />
371.629,24 €
	<h4>Autobahnüberführung und Brücke über die Etsch in der Gemeinde Neumarkt</h4>
<p><img loading="lazy" src="http://www.valdemarin.it/Luca/wp-content/uploads/2019/01/16-3-300x200.jpg" alt="" width="300" height="200" /></p>
<p>Brennerautobahn AG &#8211; 9.718.880,43 €</p>
	<h4>Ausfahrt Bruneck Mitte</h4>
<p><img loading="lazy" src="http://www.valdemarin.it/Luca/wp-content/uploads/2019/01/5-5-300x200.jpg" alt="" width="300" height="200" /></p>
Projektierung<br />
Autonome Provinz Bozen &#8211; 4.193.760,36 €
	<h4>Sanierung der Reschenbrücke in Bozen</h4>
<p><img loading="lazy" src="http://www.valdemarin.it/Luca/wp-content/uploads/2019/01/9-2-300x200.jpg" alt="" width="300" height="200" /></p>
<p>Gemeinde Bozen &#8211; 1.877.970,48 €</p>
	<h4>Mittelausfahrt der Stadt Brixen</h4>
<p><img loading="lazy" src="http://www.valdemarin.it/Luca/wp-content/uploads/2019/01/3-5-300x200.jpg" alt="" width="300" height="200" /></p>
Tunnel: 370 m<br />
Autonome Provinz Bozen &#8211; 10.340.000,00 €
	<h4>LS 60 Wengen, Errichtung eines Gehsteigs und einer Fahrbahnverbreiterung</h4>
<p><img loading="lazy" src="http://www.valdemarin.it/Luca/wp-content/uploads/2019/01/12-300x200.jpg" alt="" width="300" height="200" /></p>
Autonome Provinz Bozen<br />
1.506.183,61 €
	<h4>Fahrradweg von der Brücke von Albeins bis zum bestehenden Fahrradweg beim Villnösser Staudamm</h4>
<p><img loading="lazy" src="http://www.valdemarin.it/Luca/wp-content/uploads/2019/01/8-2-300x200.jpg" alt="" width="300" height="200" /></p>
Bezirksgemeinschaft Eisacktal<br />
2.220.457,44 €
	<h4>Entfernung des Bahnüberganges bei Lauf.km 188+784 der Bahnlinie Verona &#8211; Brenner auf der L.S. Nr. 74 nach Feldthurns</h4>
<p><img loading="lazy" src="http://www.valdemarin.it/Luca/wp-content/uploads/2019/01/2-5-300x200.jpg" alt="" width="300" height="200" /></p>
<p>Autonome Provinz Bozen &#8211; 4.958.938,82€</p>
	<h4>Ausbau und Verbreiterung der LS 132 Steinegg &#8211; Gummer von Lauf km 14.150 &#8211; 15.150 in der Gemeinde Karneid</h4>
<p><img loading="lazy" src="http://www.valdemarin.it/Luca/wp-content/uploads/2019/01/13-3-300x200.jpg" alt="" width="300" height="200" /></p>
Autonome Provinz Bozen<br />
2.005.000,00 €
	<h4>Sanierung der Brücke auf der Brennerstaatsstraße 12 bei Lauf.km 516.410 in der Ortschaft Pontiggl</h4>
<p><img loading="lazy" src="http://www.valdemarin.it/Luca/wp-content/uploads/2019/01/10-2-300x200.jpg" alt="" width="300" height="200" /></p>
<p>Autonome Provinz Bozen &#8211; 1.502.929,74 €</p>
	<h4>Erweiterung, Umbau und energetische Sanierung Wohnhaus „Schölzhorn&#8221; in Ridnaun</h4>
<p><img loading="lazy" src="http://www.valdemarin.it/Luca/wp-content/uploads/2019/01/14-2-300x200.jpg" alt="" width="300" height="200" /></p>
<p>Dieter und Hermann Schölzhorn, Helga Wurzer</p>
	<h4>Ausbau der L.S. 136 Afing, 0,650 &#8211; 1,100</h4>
<p><img loading="lazy" src="http://www.valdemarin.it/Luca/wp-content/uploads/2022/09/Senza-titolo-8-1.jpg" alt="" width="300" height="200" /></p>
<p>1.450.000 € (100%) Projektierung, Bauleitung und Sicherheitskoordination</p>
	<h4>Umfahrung der Stadt Brixen 1. Baulos</h4>
<p><img loading="lazy" src="http://www.valdemarin.it/Luca/wp-content/uploads/2019/01/1-6-300x200.jpg" alt="" width="300" height="200" /></p>
<p>Autonome Provinz Bozen &#8211; 58.519.168,54 €</p>
	<h4>Sanierung der Adlerbrücke in Brixen</h4>
<p><img loading="lazy" src="http://www.valdemarin.it/Luca/wp-content/uploads/2019/01/11-2-300x200.jpg" alt="" width="300" height="200" /></p>
Gemeinde Brixen<br />
355.949,96 €
	<h4>Fußgänger- und Fahrradunterführung der SS 12 zwischen der Weisslahnstraße und Am Schalderer Bachl in Brixen</h4>
<p><img loading="lazy" src="http://www.valdemarin.it/Luca/wp-content/uploads/2019/01/6-5-300x200.jpg" alt="" width="300" height="200" /></p>
Autonome Provinz Bozen<br />
1.087.651,27 €
	<h4>Sicherung der SS 42 des Tonale und Mendelpasses zwischen Lauf.km 223.350 und Lauf.km 224.250 in der Gemeinde Kaltern</h4>
<p><img loading="lazy" src="http://www.valdemarin.it/Luca/wp-content/uploads/2019/01/4-5-300x200.jpg" alt="" width="300" height="200" /></p>
<p>Autonome Provinz Bozen &#8211; 10.585.673,73 €</p>
	<h4>Ausbau und Begradiung der LS 143 Feldthurns Schnauders von Lauf-km 0,00-0,337, Lauf-km 0,490-0,550, Lauf-km 0,712-1,038, 1. Baulos</h4>
<p><img loading="lazy" src="http://www.valdemarin.it/Luca/wp-content/uploads/2019/01/7-3-300x200.jpg" alt="" width="300" height="200" /></p>
Autonome Provinz Bozen<br />
1.170.736,04 €
	<h4>Aussichtsplattform über den Wasserfällen des Ratschingserbachs</h4>
<p><img loading="lazy" src="http://www.valdemarin.it/Luca/wp-content/uploads/2022/09/Senza-titolo-16-1.jpg" alt="" width="300" height="200" /></p>
<p>Statische Projektierung, Bauleitung und Sicherheitskoordination</p>
	<h4>Fuss- und Fahrradunterführung in Brixen</h4>
<p><img loading="lazy" src="http://www.valdemarin.it/Luca/wp-content/uploads/2022/09/Senza-titolo-14-1.jpg" alt="" width="300" height="200" /></p>
<p>1.260.000 € (100%) Projektierung, Bauleitung und Sicherheitskoordination</p>

<p>Umfahrungsstraße Meran 2°Baulos: 120.000.000 € (20%) Bauleitung und Sicherheitskoordination Neue Zufahrt ins Gadertal 71.000.000 € (19,6%) Bauleitung und Sicherheitskoordination Brenner Basistunnel BBT-SE Sicherheitskoordination in der Ausführungsphase 4.161.161,46 € Neubau einer Eisenbahnunterführung auf der Vinschgerbahnlinie in Algund Sicherheitskoordination in der Projektierungs und Ausführungsph Projektierung und Bauleitung: STA &#8211; 1.552.990,94 € Sanierung des Straßenkörpers der Brunecker Südumfahrungsstraße&hellip; <br /> <a class="read-more" href="http://www.valdemarin.it/?page_id=825&#038;lang=de">Leggi tutto</a></p>
