{"id":782,"date":"2018-09-30T16:33:14","date_gmt":"2018-09-30T14:33:14","guid":{"rendered":"https:\/\/localhost\/Valdemarin1\/?page_id=782"},"modified":"2019-04-14T18:29:02","modified_gmt":"2019-04-14T16:29:02","slug":"infrastruktur","status":"publish","type":"page","link":"http:\/\/www.valdemarin.it\/?page_id=782&lang=de","title":{"rendered":"Infrastrukturen"},"content":{"rendered":"\n\t<h4>Hauptsammler f\u00fcr Schmutzwasser der Gemeinden Franzensfeste, M\u00fchlbach, Rodeneck, Natz-Schabs, Vahrn, Brixen<\/h4>\n<p>&nbsp;<\/p>\nProjekt<br \/>\nAutonome Provinz Bozen \u2013 404.762,77 \u20ac<br \/>\n\n\t<h4>Hauptsammler f\u00fcr Wei\u00dfwasser zwischen der Erweiterungszone Zinggen &#8211; Rosslauf und dem Fluss Eisack<\/h4>\n<p>&nbsp;<\/p>\nProjekt <br \/>\nGemeinde Brixen &#8211; 388.375,59 \u20ac<br \/>\n\n\t<h4>Hauptsammler f\u00fcr Schmutzwasser Sarns \u2013 Industriezone und Hauptsammler f\u00fcr Wei\u00dfwasser Sarns \u2013 Fluss Eisack<\/h4>\n<p>&nbsp;<\/p>\nProjekt <br \/>\nGemeinde Brixen &#8211; 360.486,92 \u20ac<br \/>\n\n\t<h4>\u00d6ffentliche Kanalisierung Grasstein<\/h4>\n<p>&nbsp;<\/p>\nProjekt, BL, Sicherheitskoordination<br \/>\nGemeinde Franzensfeste &#8211; 287.481,21 \u20ac<br \/>\n\n\t<h4>Gemeindeabwasserleitungen Neustift<\/h4>\n<p>&nbsp;<\/p>\nProjekt <br \/>\nGemeinde Vahrn &#8211; 459.646,64 \u20ac<br \/>\n\n\t<h4>Abwasserleitungen der Gemeinde Vahrn<\/h4>\n<p>&nbsp;<\/p>\nProjekt <br \/>\nGemeinde Vahrn \u2013 1.747.690,15 \u20ac<br \/>\n\n\t<h4>Hauptsammler f\u00fcr Schmutzwasser Neumarkt &#8211; Kl\u00e4ranlage Tramin<\/h4>\n<p>&nbsp;<\/p>\nProjekt, DL <br \/>\nAutonome Provinz Bozen &#8211; 2.995.450,01 \u20ac<br \/>\n\n\t<h4>Hauptsammler f\u00fcr Schmutzwasser Auer\/Neumarkt<\/h4>\n<p>&nbsp;<\/p>\nProjekt <br \/>\nAutonome Provinz Bozen &#8211; 6.512.521,50 \u20ac<br \/>\n\n\t<h4>Hauptsammler Unterland 1. Baulos &#8211; Kaltern \u2013 Kl\u00e4ranlage Tramin<\/h4>\n<p>&nbsp;<\/p>\nProjekt <br \/>\nAutonome Provinz Bozen &#8211; 2.169.118,98 \u20ac<br \/>\n\n\t<h4>14. Bauloses Aicha &#8211; P 36 Hauptsammler Schabs<\/h4>\n<p>&nbsp;<\/p>\nProjekt, BL <br \/>\nGemeinde Natz-Schabs &#8211; 1.559.699,84 \u20ac<br \/>\n\n\t<h4>Hauptsammler Mittleres Pustertal \u2013 21. Baulos &#8211; Enneberg \u2013 Br\u00fccke Montan<\/h4>\n<p>&nbsp;<\/p>\nProjekt, BL<br \/>\nAbwasserkonsortium Mittleres Pustertal &#8211; 2.340.967\u00a0\u20ac <br \/>\n\n\t<h4>Hauptsammler f\u00fcr Schmutzwasser Vahrn Nord<\/h4>\n<p>&nbsp;<\/p>\nProjekt, BL<br \/>\nGemeinde Vahrn &#8211; 1.027.749,23 \u20ac<br \/>\n\n\t<h4>Hauptsammler f\u00fcr Schmutzwasser Mauls &#8211; Franzensfeste, 1. Baulos \u2013 1. Auszug Oberau &#8211; Franzensfeste<\/h4>\n<p>&nbsp;<\/p>\nProjekt, BL<br \/>\nGemeinde Franzensfeste &#8211; 1.755.953,46 \u20ac<br \/>\n\n\t<h4>Hauptsammler f\u00fcr Schmutzwasser Mauls &#8211; Franzensfeste, 1. Baulos \u2013 2. Auszug Mittewald &#8211; Oberrau<\/h4>\n<p>&nbsp;<\/p>\nProjekt, BL<br \/>\nGemeinde Franzensfeste &#8211; 929.622,42 \u20ac<br \/>\n\n\t<h4>Abwasserleitung f\u00fcr Schmutz- und Wei\u00dfwasser der Gemeinde Franzensfeste \u2013 4. Baulos<\/h4>\n<p>&nbsp;<\/p>\nProjekt, BL<br \/>\nGemeinde Franzensfeste &#8211; 508.193,59 \u20ac<br \/>\n\n\t<h4>Hauptsammler f\u00fcr Schmutzwasser Mittewald &#8211; Grasstein<\/h4>\n<p>&nbsp;<\/p>\nProjekt, BL, Sicherheitskoordination<br \/>\nGemeinde Franzensfeste &#8211; 807.544,43 \u20ac<br \/>\n\n\t<h4>Hauptsammler f\u00fcr Schmutzwasser Grasstein &#8211; Mauls<\/h4>\n<p>&nbsp;<\/p>\nProjekt, BL, Sicherheitskoordination<br \/>\nGemeinde Freienfeld &#8211; 974.044,22 \u20ac<br \/>\n\n\t<h4>Hauptsammler f\u00fcr Schmutzwasser Gasthaus Sunnegg \u2013 Zinggen<\/h4>\n<p>&nbsp;<\/p>\nProjekt, BL, Sicherheitskoordination<br \/>\nBezirksgemeinschaft Eisacktal &#8211; 263.838,14 \u20ac<br \/>\n\n\t<h4>Hauptsammler f\u00fcr Schmutzwasser vom Gasthaus Stern bis zum Villn\u00f6\u00dfer Staudamm<\/h4>\n<p>&nbsp;<\/p>\nProjekt, BL, Sicherheitskoordination<br \/>\nBezirksgemeinschaft Eisacktal &#8211; 614.619,81 \u20ac<br \/>\n\n\t<h4>Hauptsammler Franzensfeste &#8211; M\u00fchlbach &#8211; Rodeneck \u2013 Natz-Schabs &#8211; Vahrn &#8211; Brixen: 15. Baulos<\/h4>\n<p>&nbsp;<\/p>\nProjekt, BL<br \/>\nAutonome Provinz Bozen &#8211; 568.102,59<br \/>\n\n","protected":false},"excerpt":{"rendered":"<p>Hauptsammler f\u00fcr Schmutzwasser der Gemeinden Franzensfeste, M\u00fchlbach, Rodeneck, Natz-Schabs, Vahrn, Brixen &nbsp; Projekt Autonome Provinz Bozen \u2013 404.762,77 \u20ac Hauptsammler f\u00fcr Wei\u00dfwasser zwischen der Erweiterungszone Zinggen &#8211; Rosslauf und dem Fluss Eisack &nbsp; Projekt Gemeinde Brixen &#8211; 388.375,59 \u20ac Hauptsammler f\u00fcr Schmutzwasser Sarns \u2013 Industriezone und Hauptsammler f\u00fcr Wei\u00dfwasser Sarns \u2013 Fluss Eisack &nbsp; Projekt&hellip; <br \/> <a class=\"read-more\" href=\"http:\/\/www.valdemarin.it\/?page_id=782&#038;lang=de\">Leggi tutto<\/a><\/p>\n","protected":false},"author":1,"featured_media":0,"parent":0,"menu_order":0,"comment_status":"closed","ping_status":"closed","template":"","meta":[],"_links":{"self":[{"href":"http:\/\/www.valdemarin.it\/index.php?rest_route=\/wp\/v2\/pages\/782"}],"collection":[{"href":"http:\/\/www.valdemarin.it\/index.php?rest_route=\/wp\/v2\/pages"}],"about":[{"href":"http:\/\/www.valdemarin.it\/index.php?rest_route=\/wp\/v2\/types\/page"}],"author":[{"embeddable":true,"href":"http:\/\/www.valdemarin.it\/index.php?rest_route=\/wp\/v2\/users\/1"}],"replies":[{"embeddable":true,"href":"http:\/\/www.valdemarin.it\/index.php?rest_route=%2Fwp%2Fv2%2Fcomments&post=782"}],"version-history":[{"count":12,"href":"http:\/\/www.valdemarin.it\/index.php?rest_route=\/wp\/v2\/pages\/782\/revisions"}],"predecessor-version":[{"id":1485,"href":"http:\/\/www.valdemarin.it\/index.php?rest_route=\/wp\/v2\/pages\/782\/revisions\/1485"}],"wp:attachment":[{"href":"http:\/\/www.valdemarin.it\/index.php?rest_route=%2Fwp%2Fv2%2Fmedia&parent=782"}],"curies":[{"name":"wp","href":"https:\/\/api.w.org\/{rel}","templated":true}]}}

<h4>Hauptsammler für Schmutzwasser der Gemeinden Franzensfeste, Mühlbach, Rodeneck, Natz-Schabs, Vahrn, Brixen</h4>
<p>&nbsp;</p>
Projekt<br />
Autonome Provinz Bozen – 404.762,77 €<br />

	<h4>Hauptsammler für Weißwasser zwischen der Erweiterungszone Zinggen &#8211; Rosslauf und dem Fluss Eisack</h4>
<p>&nbsp;</p>
Projekt <br />
Gemeinde Brixen &#8211; 388.375,59 €<br />

	<h4>Hauptsammler für Schmutzwasser Sarns – Industriezone und Hauptsammler für Weißwasser Sarns – Fluss Eisack</h4>
<p>&nbsp;</p>
Projekt <br />
Gemeinde Brixen &#8211; 360.486,92 €<br />

	<h4>Öffentliche Kanalisierung Grasstein</h4>
<p>&nbsp;</p>
Projekt, BL, Sicherheitskoordination<br />
Gemeinde Franzensfeste &#8211; 287.481,21 €<br />

	<h4>Gemeindeabwasserleitungen Neustift</h4>
<p>&nbsp;</p>
Projekt <br />
Gemeinde Vahrn &#8211; 459.646,64 €<br />

	<h4>Abwasserleitungen der Gemeinde Vahrn</h4>
<p>&nbsp;</p>
Projekt <br />
Gemeinde Vahrn – 1.747.690,15 €<br />

	<h4>Hauptsammler für Schmutzwasser Neumarkt &#8211; Kläranlage Tramin</h4>
<p>&nbsp;</p>
Projekt, DL <br />
Autonome Provinz Bozen &#8211; 2.995.450,01 €<br />

	<h4>Hauptsammler für Schmutzwasser Auer/Neumarkt</h4>
<p>&nbsp;</p>
Projekt <br />
Autonome Provinz Bozen &#8211; 6.512.521,50 €<br />

	<h4>Hauptsammler Unterland 1. Baulos &#8211; Kaltern – Kläranlage Tramin</h4>
<p>&nbsp;</p>
Projekt <br />
Autonome Provinz Bozen &#8211; 2.169.118,98 €<br />

	<h4>14. Bauloses Aicha &#8211; P 36 Hauptsammler Schabs</h4>
<p>&nbsp;</p>
Projekt, BL <br />
Gemeinde Natz-Schabs &#8211; 1.559.699,84 €<br />

	<h4>Hauptsammler Mittleres Pustertal – 21. Baulos &#8211; Enneberg – Brücke Montan</h4>
<p>&nbsp;</p>
Projekt, BL<br />
Abwasserkonsortium Mittleres Pustertal &#8211; 2.340.967 € <br />

	<h4>Hauptsammler für Schmutzwasser Vahrn Nord</h4>
<p>&nbsp;</p>
Projekt, BL<br />
Gemeinde Vahrn &#8211; 1.027.749,23 €<br />

	<h4>Hauptsammler für Schmutzwasser Mauls &#8211; Franzensfeste, 1. Baulos – 1. Auszug Oberau &#8211; Franzensfeste</h4>
<p>&nbsp;</p>
Projekt, BL<br />
Gemeinde Franzensfeste &#8211; 1.755.953,46 €<br />

	<h4>Hauptsammler für Schmutzwasser Mauls &#8211; Franzensfeste, 1. Baulos – 2. Auszug Mittewald &#8211; Oberrau</h4>
<p>&nbsp;</p>
Projekt, BL<br />
Gemeinde Franzensfeste &#8211; 929.622,42 €<br />

	<h4>Abwasserleitung für Schmutz- und Weißwasser der Gemeinde Franzensfeste – 4. Baulos</h4>
<p>&nbsp;</p>
Projekt, BL<br />
Gemeinde Franzensfeste &#8211; 508.193,59 €<br />

	<h4>Hauptsammler für Schmutzwasser Mittewald &#8211; Grasstein</h4>
<p>&nbsp;</p>
Projekt, BL, Sicherheitskoordination<br />
Gemeinde Franzensfeste &#8211; 807.544,43 €<br />

	<h4>Hauptsammler für Schmutzwasser Grasstein &#8211; Mauls</h4>
<p>&nbsp;</p>
Projekt, BL, Sicherheitskoordination<br />
Gemeinde Freienfeld &#8211; 974.044,22 €<br />

	<h4>Hauptsammler für Schmutzwasser Gasthaus Sunnegg – Zinggen</h4>
<p>&nbsp;</p>
Projekt, BL, Sicherheitskoordination<br />
Bezirksgemeinschaft Eisacktal &#8211; 263.838,14 €<br />

	<h4>Hauptsammler für Schmutzwasser vom Gasthaus Stern bis zum Villnößer Staudamm</h4>
<p>&nbsp;</p>
Projekt, BL, Sicherheitskoordination<br />
Bezirksgemeinschaft Eisacktal &#8211; 614.619,81 €<br />

	<h4>Hauptsammler Franzensfeste &#8211; Mühlbach &#8211; Rodeneck – Natz-Schabs &#8211; Vahrn &#8211; Brixen: 15. Baulos</h4>
<p>&nbsp;</p>
Projekt, BL<br />
Autonome Provinz Bozen &#8211; 568.102,59<br />

<p>Hauptsammler für Schmutzwasser der Gemeinden Franzensfeste, Mühlbach, Rodeneck, Natz-Schabs, Vahrn, Brixen &nbsp; Projekt Autonome Provinz Bozen – 404.762,77 € Hauptsammler für Weißwasser zwischen der Erweiterungszone Zinggen &#8211; Rosslauf und dem Fluss Eisack &nbsp; Projekt Gemeinde Brixen &#8211; 388.375,59 € Hauptsammler für Schmutzwasser Sarns – Industriezone und Hauptsammler für Weißwasser Sarns – Fluss Eisack &nbsp; Projekt&hellip; <br /> <a class="read-more" href="http://www.valdemarin.it/?page_id=782&#038;lang=de">Leggi tutto</a></p>
